?
-2dd2
In base 8, what is 47454 - 104?
47350
In base 14, what is 5d - 3394?
-3335
In base 4, what is -3130101322 - 11?
-3130101333
In base 12, what is -3 + 211469?
211466
In base 12, what is -2 + 731b?
7319
In base 7, what is -3413 - -3030?
-353
In base 12, what is -16814 + -53?
-16867
In base 10, what is -8125 + 352?
-7773
In base 4, what is 331 + 1033?
2030
In base 8, what is -376 - -101?
-275
In base 12, what is 46156 + 4?
4615a
In base 14, what is 4a + -1002?
-d96
In base 16, what is -4df - 25?
-504
In base 11, what is 20858 + -4?
20854
In base 3, what is 222101 - 1202?
220122
In base 9, what is 2761 + 4?
2765
In base 10, what is -123 - 735?
-858
In base 10, what is -5 + 279638?
279633
In base 8, what is 232 + 2460?
2712
In base 5, what is -22 + -24033?
-24110
In base 16, what is 5 + 6bb3c?
6bb41
In base 10, what is 5 - 25950?
-25945
In base 6, what is 1331334 + 11?
1331345
In base 7, what is -1 + 33555?
33554
In base 2, what is -11011000010111111 - 101?
-11011000011000100
In base 16, what is -3b + 10e80?
10e45
In base 15, what is 1a9 + 4b?
205
In base 3, what is 12001020 - 1021202?
10202111
In base 6, what is 111 + -510?
-355
In base 10, what is 12837 - 1?
12836
In base 16, what is 813cc - 2?
813ca
In base 2, what is 10011100010010 + -10101?
10011011111101
In base 15, what is ea - -20?
11a
In base 13, what is 14b0 - -3?
14b3
In base 4, what is 11 - -330230?
330301
In base 3, what is 121220220 + -1?
121220212
In base 10, what is -4 + 15070?
15066
In base 9, what is 32562 + -3?
32558
In base 3, what is 110220000 - -20?
110220020
In base 2, what is 1010110110 + 1100101001?
10111011111
In base 16, what is -3 - cf9?
-cfc
In base 5, what is -2201224143 - 3?
-2201224201
In base 13, what is -30585 - 4?
-30589
In base 10, what is -5876 - 45?
-5921
In base 2, what is -1010100 + -11000011?
-100010111
In base 15, what is 56 - -ca?
131
In base 13, what is 15a7 + 3?
15aa
In base 2, what is -100 - 101110?
-110010
In base 3, what is 211 - -22010?
22221
In base 9, what is 1834566 - -4?
1834571
In base 14, what is 14427 + -4?
14423
In base 10, what is -5 - 76550?
-76555
In base 9, what is -20 - 65?
-85
In base 13, what is 2622 + 293?
28b5
In base 2, what is -10000100110111100010 + 101?
-10000100110111011101
In base 4, what is 1111 - -111313?
113030
In base 9, what is 104324 + 32?
104356
In base 2, what is 1011111111111100 - 101?
1011111111110111
In base 4, what is 1333 - -30122031?
30130030
In base 8, what is -554035 - 4?
-554041
In base 10, what is -5 + 94815?
94810
In base 10, what is -1201 - 9?
-1210
In base 10, what is -33917 + -9?
-33926
In base 7, what is 116 + -4500?
-4351
In base 10, what is 2 + -289173?
-289171
In base 2, what is -11111000001100000 + -10?
-11111000001100010
In base 16, what is 26 - cc1?
-c9b
In base 4, what is 30 + -213321301?
-213321211
In base 7, what is -26 - -223216?
223160
In base 8, what is 2 - -765444?
765446
In base 12, what is -85 - -1646?
1581
In base 8, what is 25 + -1511?
-1464
In base 5, what is -20241232 - 2?
-20241234
In base 2, what is -1001101 - 10110001?
-11111110
In base 7, what is 235320 + -3?
235314
In base 2, what is -1001100010111111 + 11?
-1001100010111100
In base 15, what is -1013 - 7?
-101a
In base 6, what is 1312003 + 0?
1312003
In base 6, what is 4 + 2302404?
2302412
In base 16, what is f + 3e57?
3e66
In base 13, what is -1 + 124156?
124155
In base 15, what is 5a48d - -5?
5a493
In base 14, what is -1da + -1242?
-143c
In base 3, what is 111122022012 - 121?
111122021121
In base 10, what is -11326 - -3?
-11323
In base 8, what is -4441 + -2270?
-6731
In base 6, what is -3143 + 131?
-3012
In base 10, what is 43 - 5613?
-5570
In base 3, what is -11 + -1210111100?
-1210111111
In base 6, what is 120 - 500?
-340
In base 6, what is -33220 - -331?
-32445
In base 11, what is 5 + -699?
-694
In base 13, what is a322 - -1c?
a341
In base 15, what is -b74 + -1?
-b75
In base 10, what is -9 - 50186?
-50195
In base 4, what is 3 - -3131021?
3131030
In base 15, what is -d792 - 1?
-d793
In base 13, what is 10 + 33c6?
3406
In base 11, what is -1761 - 245?
-19a6
In base 15, what is 4c30 - -7?
4c37
In base 3, what is 111 + -200120?
-200002
In base 2, what is -101000100000001 - 110110?
-101000100110111
In base 14, what is 6603 - -16?
6619
In base 13, what is b - -55a4?
55b2
In base 11, what is -1147 + 123a?
a3
In base 13, what is a - 764b7?
-764aa
In base 9, what is 2 + -3420?
-3417
In base 2, what is 11111101011000010011100 - 11?
11111101011000010011001
In base 2, what is 1101101000100111 - 10010?
1101101000010101
In base 16, what is -85f2 + -e?
-8600
In base 5, what is -30 + -11102313?
-11102343
In base 10, what is -11 + -671?
-682
In base 13, what is -3766 - -1a?
-3749
In base 9, what is 486 - -1063?
1560
In base 12, what is -4 + 6571b5?
6571b1
In base 7, what is -15432 + 0?
-15432
In base 3, what is -110011 - 120201?
-1000212
In base 5, what is 233113412 - 4?
233113403
In base 12, what is 50a17 + -5?
50a12
In base 4, what is 11 + -1132300030?
-1132300013
In base 9, what is 1566630 - 0?
1566630
In base 7, what is 134 - 216?
-52
In base 3, what is 1011021 + 202?
1012000
In base 12, what is -3 + -42106?
-42109
In base 11, what is -7 - 12041?
-12048
In base 11, what is 4464 + 6?
446a
In base 10, what is 5046 - -4?
5050
In base 15, what is 16 + a97?
aad
In base 14, what is -3006b3 + 6?
-3006ab
In base 6, what is 5 - -32321223?
32321232
In base 14, what is 2 - -d7d5?
d7d7
In base 5, what is 30413032 + 4?
30413041
In base 10, what is 159 + 274?
433
In base 12, what is 1 - 45b682?
-45b681
In base 8, what is 1 - 71032?
-71031
In base 15, what is 5231 - a0?
5181
In base 8, what is 5 - 517?
-512
In base 8, what is 171774 + -1?
171773
In base 2, what is -1101100 + -111111100?
-1001101000
In base 14, what is 1a93 + 42?
1ad5
In base 7, what is 6 - -3565146?
3565155
In base 3, what is -12222 + -2100212?
-2120211
In base 14, what is 2 - -6761?
6763
In base 3, what is 10112102 - 1000?
10111102
In base 6, what is -233 - -2250?
2013
In base 3, what is 12010 + -1111201120?
-1111112110
In base 3, what is -12011 + -2001011?
-2020022
In base 15, what is -4 + 3278?
3274
In base 13, what is 2 - 8cc7?
-8cc5
In base 7, what is -3 - 3420?
-3423
In base 4, what is 101213 - -1232?
103111
In base 6, what is 0 + 51314?
51314
In base 11, what is -974 - -239?
-736
In base 16, what is -a + -1c81b?
-1c825
In base 6, what is 1 + 1332423?
1332424
In base 9, what is -4 + -36466?
-36471
In base 12, what is 22 - b220?
-b1ba
In base 2, what is 10 + 11111010111101?
11111010111111
In base 14, what is -441 - -1b4?
-26b
In base 15, what is -8 - -94b8?
94b0
In base 3, what is 11220000 - 211?
11212012
In base 12, what is -393 - -244?
-14b
In base 16, what is -60 - 300?
-360
In base 13, what is -399 - -8?
-391
In base 5, what is -120441 - -1411?
-114030
In base 2, what is -11 - -100000100110101?
100000100110010
In base 5, what is 31223 + 202?
31430
In base 3, what is -22201212122 - 10?
-22201212202
In base 12, what is 3 + 161a29?
161a30
In base 5, what is 0 + 42444?
42444
In base 7, what is -112 + -13152?
-13264
In base 16, what is 210883 + -5?
21087e
In base 16, what is 214 - 36?
1de
In base 14, what is -4bbc + -9?
-4bc7
In base 16, what is 4 - 1b35?
-1b31
In base 5, what is -41 + -34201?
-34242
In base 13, what is -3 + 444236?
444233
In base 12, what is 100a6 + 5?
100ab
In base 10, what is 34207 - 0?
34207
In base 7, what is 2 + 14353?
14355
In base 8, what is -4720 - 102?
-5022
In base 5, what is -4 - 1144140?
-1144144
In base 11, what is 11 + 96609?
9661a
In base 11, what is a3758a - 5?
a37585
In base 10, what is 791 - -130?
921
In base 8, what is -137 + 66175?
66036
In base 7, what is -11 - 136623?
-136634
In base 15, what is 22 - -8547?
8569
In base 12, what is -327a - 237?
-34b5
In base 4, what is 113 - -3332012?
3332131
In base 14, what is -3 - -44550?
4454b
In base 7, what is -1 + -142644?
-142645
In base 16, what is 36 - 4e0?
-4aa
In base 2, what is 10 - 1000010110000000?
-1000010101111110
In base 8, what is 27 - -72753?
73002
In base 8, what is 16 + -167754?
-167736
In base 3, what is -10112 + -1020010?
-1100122
In base 16, what is -162c + -108?
-1734
In base 5, what is 24 - 1214?
-1140
In base 7, what is 31 - 430?
-366
In base 5, what is 1 - 13013001?
-130